{"id":105,"date":"2023-12-14T22:01:59","date_gmt":"2023-12-14T22:01:59","guid":{"rendered":"https:\/\/candetoxblend.cl\/sitio\/?post_type=product&#038;p=105"},"modified":"2026-04-19T11:20:40","modified_gmt":"2026-04-19T11:20:40","slug":"can-detox-blend","status":"publish","type":"product","link":"https:\/\/candetoxblend.cl\/sitio\/product\/can-detox-blend\/","title":{"rendered":"CAN DETOX BLEND el mejor detox examen de orina"},"content":{"rendered":"<h2 data-start=\"2041\" data-end=\"2083\">Qu\u00e9 es un detox para examen de orina<\/h2>\n<p data-start=\"2085\" data-end=\"2316\">Un <strong data-start=\"2088\" data-end=\"2118\">detox para examen de orina<\/strong> es un producto dise\u00f1ado para <strong data-start=\"2148\" data-end=\"2226\">reducir o enmascarar temporalmente la presencia de toxinas en el organismo<\/strong>, como metabolitos del THC u otras sustancias que pueden detectarse en pruebas de orina.<\/p>\n<p data-start=\"2318\" data-end=\"2600\">A diferencia de los m\u00e9todos naturales que requieren semanas de abstinencia, un detox especializado como Can Detox Blend ofrece una soluci\u00f3n r\u00e1pida: limpia tu orina en un lapso de <strong data-start=\"2501\" data-end=\"2516\">4 a 5 horas<\/strong>, entreg\u00e1ndote una ventana segura para presentar tu test de orina con mayor tranquilidad.<\/p>\n<p>Limpia tu organismo hoy.<\/p>\n<h2>\u00bfC\u00f3mo funciona en una prueba de orina?<\/h2>\n<p>Nuestra mezcla avanzada de prote\u00ednas, p\u00e9ptidos, carbohidratos y minerales ha sido desarrollada en <span style=\"font-weight: 400;\">Canad\u00e1<\/span> para purificar tu cuerpo r\u00e1pidamente.<\/p>\n<p>Al consumirlo siguiendo las instrucciones, el producto genera un efecto de limpieza r\u00e1pida que reduce la detecci\u00f3n de metabolitos en pruebas de orina. Este proceso no elimina las toxinas de manera permanente, pero ofrece una <strong data-start=\"1540\" data-end=\"1566\">ventana de 4 a 5 horas<\/strong> en la que tu orina se mantiene libre de rastros detectables.<\/p>\n<p>Limpia tu cuerpo de forma inteligente. No esperes semanas o meses para limpiar tu cuerpo.<\/p>\n<p>Con CAN DETOX BLEND limpia tu cuerpo y lib\u00e9rate.<\/p>\n<h2>Beneficios de un detox examen de orina<\/h2>\n<ul>\n<li data-start=\"422\" data-end=\"527\"><strong>Detox r\u00e1pido orina comprobado:<\/strong> act\u00faa en solo 4 a 5 horas, d\u00e1ndote una ventana segura para enfrentar tu prueba.<\/li>\n<li data-start=\"530\" data-end=\"638\"><strong data-start=\"530\" data-end=\"547\">Eficacia real<\/strong>: enmascara metabolitos como THC y alcaloides que permanecen en tu organismo por semanas.<\/li>\n<li data-start=\"641\" data-end=\"761\"><strong data-start=\"641\" data-end=\"664\">Seguridad en su uso<\/strong>: f\u00f3rmula desarrollada en Canad\u00e1 con prote\u00ednas, p\u00e9ptidos, carbohidratos y minerales de calidad.<\/li>\n<li data-start=\"764\" data-end=\"869\"><strong data-start=\"764\" data-end=\"777\">Comodidad<\/strong>: evita procesos largos de desintoxicaci\u00f3n natural y te da tranquilidad en el corto plazo.<\/li>\n<\/ul>\n<p data-start=\"871\" data-end=\"998\">Con nuestro limpiador no dependes de soluciones gen\u00e9ricas ni de promesas irreales: obtienes resultados inmediatos y confiables.<\/p>\n<h2>\u00bfCu\u00e1nto tiempo de abstinencia debo tener si consumo de THC o alcaloides para limpiar mi orina?<\/h2>\n<p>Tiempo de abstinencia para limpiar tu orina<br \/>\n<img loading=\"lazy\" decoding=\"async\" class=\"alignnone size-medium wp-image-103\" src=\"https:\/\/candetoxblend.cl\/sitio\/wp-content\/uploads\/2023\/12\/TABLA-dual-264x300.jpg\" alt=\"\" width=\"264\" height=\"300\" srcset=\"https:\/\/candetoxblend.cl\/sitio\/wp-content\/uploads\/2023\/12\/TABLA-dual-264x300.jpg 264w, https:\/\/candetoxblend.cl\/sitio\/wp-content\/uploads\/2023\/12\/TABLA-dual-900x1024.jpg 900w, https:\/\/candetoxblend.cl\/sitio\/wp-content\/uploads\/2023\/12\/TABLA-dual-768x874.jpg 768w, https:\/\/candetoxblend.cl\/sitio\/wp-content\/uploads\/2023\/12\/TABLA-dual-1350x1536.jpg 1350w, https:\/\/candetoxblend.cl\/sitio\/wp-content\/uploads\/2023\/12\/TABLA-dual-600x683.jpg 600w, https:\/\/candetoxblend.cl\/sitio\/wp-content\/uploads\/2023\/12\/TABLA-dual-102x116.jpg 102w, https:\/\/candetoxblend.cl\/sitio\/wp-content\/uploads\/2023\/12\/TABLA-dual.jpg 1800w\" sizes=\"auto, (max-width: 264px) 100vw, 264px\" \/><\/p>\n<p>En nuestros laboratorios hemos estudiado la fisiolog\u00eda humana, por lo cual los tiempos de abstinencia son diferentes para cada persona. Estos var\u00edan seg\u00fan su tiempo de consumo (alcaloides y THC) y el % de grasa corporal (THC). Hemos desarrollado unas tablas para que te puedas guiar de cuanta abstinencia debes tener para lograr \u00e9xito.<br \/>\nNo conf\u00edes en marcas que aseguran el mismo resultado para todos, eso no es real, cada ser humano es diferente.<\/p>\n<h2>Modo de uso CAN DETOX BLEND: c\u00f3mo pasar un examen de orina<\/h2>\n<p>Estos pasos aseguran el mejor detox examen de orina.<\/p>\n<ul>\n<li>PASO 1: Debes beber 500 ml de agua 1 hora antes de utilizar el limpiador. Si pesas sobre 80 kg toma 500 cc <span style=\"font-weight: 400;\">adicionales<\/span> de agua (1000 ml o 1 litro de agua en el paso uno si pesas 85 kg).<\/li>\n<li>PASO 2: Agrega agua hasta la mitad del envase de nuestro producto.<\/li>\n<li>PASO 3: Cierra la botella con la tapa y agita con fuerza durante 30 segundos.<\/li>\n<li>PASO 4: Agrega agua hasta llenar la botella completamente.<\/li>\n<li>PASO 5: Bebe todo el contenido del envase.<\/li>\n<li>PASO 6: Espera quince minutos despu\u00e9s de tomar el limpiador de orina y vuelve a llenar el envase con agua, b\u00e9belo completamente.<\/li>\n<li>PASO 7: Debes orinar 3 veces despu\u00e9s de una hora, desde este momento estas 4 horas libre de toda toxina en tu orina y preparado para cualquier prueba de la vida.<\/li>\n<\/ul>\n<p>Con estos pasos garantizas que tu detox test de orina sea seguro y eficaz en el plazo de 4\u20135h.<\/p>\n<h2>CONSEJOS para usar Limpiador de orina CAN DETOX<\/h2>\n<p>\u2022 No beber grandes cantidades de agua antes de dos horas de comenzar el tratamiento.<br \/>\n\u2022 No comer en abundancia las 4 horas anteriores a la toma de CAN DETOX.<br \/>\n\u2022 No ingerir las 48 hrs previos al tratamiento: Medicamentos no recetados, alcohol, \u00e1cidos como vinagre o jugo de lim\u00f3n, exceso de vitaminas, alimentos salados<br \/>\n\u2022 No utilizar este producto en personas con un solo ri\u00f1\u00f3n.<br \/>\n\u2022 Es imprescindible seguir las instrucciones de uso al detalle para alcanzar el \u00e9xito en cualquier prueba.<br \/>\n\u2022 Es ideal comenzar el tratamiento despu\u00e9s de estar levantado 5 horas al menos.<br \/>\n\u2022 Siempre guardar en lugar fresco y oscuro. No utilizar si el sello ha sido violado.<\/p>\n<p>No pongas en riesgo tu futuro. Compra ahora el detox examen de orina m\u00e1s eficaz en Chile y recibe tu env\u00edo de manera discreta y r\u00e1pida.<\/p>\n","protected":false},"excerpt":{"rendered":"<p>Qu\u00e9 es un detox para examen de orina Un detox para examen de orina es un producto dise\u00f1ado para reducir &hellip; <a href=\"https:\/\/candetoxblend.cl\/sitio\/product\/can-detox-blend\/\" class=\"more-link\">Sigue leyendo <span class=\"screen-reader-text\">CAN DETOX BLEND el mejor detox examen de orina<\/span><\/a><\/p>\n","protected":false},"featured_media":108,"comment_status":"open","ping_status":"closed","template":"","meta":[],"product_cat":[15],"product_tag":[],"class_list":{"0":"post-105","1":"product","2":"type-product","3":"status-publish","4":"has-post-thumbnail","6":"product_cat-detox-orina","8":"first","9":"instock","10":"shipping-taxable","11":"purchasable","12":"product-type-simple"},"_links":{"self":[{"href":"https:\/\/candetoxblend.cl\/sitio\/wp-json\/wp\/v2\/product\/105","targetHints":{"allow":["GET"]}}],"collection":[{"href":"https:\/\/candetoxblend.cl\/sitio\/wp-json\/wp\/v2\/product"}],"about":[{"href":"https:\/\/candetoxblend.cl\/sitio\/wp-json\/wp\/v2\/types\/product"}],"replies":[{"embeddable":true,"href":"https:\/\/candetoxblend.cl\/sitio\/wp-json\/wp\/v2\/comments?post=105"}],"wp:featuredmedia":[{"embeddable":true,"href":"https:\/\/candetoxblend.cl\/sitio\/wp-json\/wp\/v2\/media\/108"}],"wp:attachment":[{"href":"https:\/\/candetoxblend.cl\/sitio\/wp-json\/wp\/v2\/media?parent=105"}],"wp:term":[{"taxonomy":"product_cat","embeddable":true,"href":"https:\/\/candetoxblend.cl\/sitio\/wp-json\/wp\/v2\/product_cat?post=105"},{"taxonomy":"product_tag","embeddable":true,"href":"https:\/\/candetoxblend.cl\/sitio\/wp-json\/wp\/v2\/product_tag?post=105"}],"curies":[{"name":"wp","href":"https:\/\/api.w.org\/{rel}","templated":true}]}}